 is the hundreds digit of 1047?
0
What is the tens digit of 965?
6
What is the hundreds digit of 44826?
8
What is the tens digit of 8404?
0
What is the tens digit of 7222?
2
What is the tens digit of 40654?
5
What is the thousands digit of 2428?
2
What is the units digit of 22539?
9
What is the tens digit of 91?
9
What is the ten thousands digit of 11330?
1
What is the tens digit of 25579?
7
What is the ten thousands digit of 63255?
6
What is the hundreds digit of 1364?
3
What is the units digit of 4904?
4
What is the hundreds digit of 1406?
4
What is the tens digit of 1266?
6
What is the tens digit of 9692?
9
What is the units digit of 858?
8
What is the hundreds digit of 10392?
3
What is the hundreds digit of 2845?
8
What is the units digit of 34373?
3
What is the thousands digit of 8857?
8
What is the hundreds digit of 37878?
8
What is the ten thousands digit of 61783?
6
What is the hundreds digit of 7758?
7
What is the units digit of 1074?
4
What is the tens digit of 625?
2
What is the tens digit of 8987?
8
What is the thousands digit of 5476?
5
What is the tens digit of 8420?
2
What is the units digit of 734?
4
What is the tens digit of 805?
0
What is the units digit of 1616?
6
What is the units digit of 2008?
8
What is the hundreds digit of 315?
3
What is the tens digit of 20324?
2
What is the hundreds digit of 66055?
0
What is the hundreds digit of 9194?
1
What is the thousands digit of 2363?
2
What is the hundreds digit of 17048?
0
What is the hundreds digit of 36437?
4
What is the units digit of 55406?
6
What is the tens digit of 18279?
7
What is the hundreds digit of 649?
6
What is the tens digit of 9822?
2
What is the units digit of 26536?
6
What is the thousands digit of 47236?
7
What is the ten thousands digit of 66208?
6
What is the units digit of 104?
4
What is the thousands digit of 31989?
1
What is the tens digit of 2391?
9
What is the thousands digit of 1903?
1
What is the units digit of 2402?
2
What is the ten thousands digit of 19804?
1
What is the tens digit of 53804?
0
What is the units digit of 6534?
4
What is the hundreds digit of 957?
9
What is the tens digit of 28718?
1
What is the units digit of 2510?
0
What is the tens digit of 27?
2
What is the hundreds digit of 933?
9
What is the tens digit of 1098?
9
What is the units digit of 1099?
9
What is the tens digit of 6350?
5
What is the units digit of 35546?
6
What is the units digit of 18549?
9
What is the hundred thousands digit of 138412?
1
What is the hundreds digit of 466?
4
What is the tens digit of 3754?
5
What is the ten thousands digit of 90886?
9
What is the ten thousands digit of 28303?
2
What is the units digit of 446?
6
What is the hundreds digit of 2040?
0
What is the tens digit of 23472?
7
What is the thousands digit of 3170?
3
What is the thousands digit of 20015?
0
What is the units digit of 2409?
9
What is the tens digit of 827?
2
What is the ten thousands digit of 52511?
5
What is the hundreds digit of 805?
8
What is the units digit of 1881?
1
What is the units digit of 466?
6
What is the tens digit of 20?
2
What is the hundreds digit of 14614?
6
What is the ten thousands digit of 52915?
5
What is the ten thousands digit of 19551?
1
What is the units digit of 9447?
7
What is the units digit of 5916?
6
What is the tens digit of 1595?
9
What is the thousands digit of 21280?
1
What is the thousands digit of 5606?
5
What is the tens digit of 6820?
2
What is the thousands digit of 3455?
3
What is the units digit of 672?
2
What is the units digit of 69510?
0
What is the tens digit of 695?
9
What is the units digit of 24203?
3
What is the ten thousands digit of 68930?
6
What is the tens digit of 775?
7
What is the units digit of 297?
7
What is the units digit of 326?
6
What is the hundreds digit of 5980?
9
What is the thousands digit of 20138?
0
What is the ten thousands digit of 13902?
1
What is the hundreds digit of 5035?
0
What is the tens digit of 51164?
6
What is the thousands digit of 135978?
5
What is the tens digit of 24?
2
What is the tens digit of 20?
2
What is the hundreds digit of 4688?
6
What is the ten thousands digit of 13676?
1
What is the thousands digit of 1789?
1
What is the tens digit of 3059?
5
What is the tens digit of 16113?
1
What is the thousands digit of 8131?
8
What is the units digit of 1855?
5
What is the hundreds digit of 48595?
5
What is the tens digit of 568?
6
What is the thousands digit of 49199?
9
What is the tens digit of 2548?
4
What is the thousands digit of 3368?
3
What is the tens digit of 26?
2
What is the units digit of 69?
9
What is the thousands digit of 18095?
8
What is the thousands digit of 169749?
9
What is the tens digit of 17555?
5
What is the thousands digit of 2943?
2
What is the hundreds digit of 5170?
1
What is the thousands digit of 2101?
2
What is the tens digit of 1182?
8
What is the tens digit of 4525?
2
What is the tens digit of 1054?
5
What is the ten thousands digit of 32988?
3
What is the thousands digit of 83433?
3
What is the thousands digit of 5782?
5
What is the hundreds digit of 91971?
9
What is the tens digit of 39258?
5
What is the tens digit of 50581?
8
What is the units digit of 6905?
5
What is the thousands digit of 14803?
4
What is the thousands digit of 90193?
0
What is the tens digit of 33553?
5
What is the units digit of 30835?
5
What is the ten thousands digit of 10591?
1
What is the thousands digit of 26332?
6
What is the hundreds digit of 5353?
3
What is the hundreds digit of 257?
2
What is the thousands digit of 61552?
1
What is the thousands digit of 10658?
0
What is the units digit of 4065?
5
What is the units digit of 5408?
8
What is the hundreds digit of 93014?
0
What is the tens digit of 280?
8
What is the thousands digit of 2920?
2
What is the thousands digit of 1664?
1
What is the tens digit of 816?
1
What is the units digit of 1134?
4
What is the units digit of 1163?
3
What is the thousands digit of 12972?
2
What is the ten thousands digit of 11639?
1
What is the units digit of 1929?
9
What is the tens digit of 194?
9
What is the thousands digit of 36787?
6
What is the tens digit of 669?
6
What is the ten thousands digit of 38063?
3
What is the units digit of 9199?
9
What is the units digit of 1068?
8
What is the tens digit of 2162?
6
What is the tens digit of 80613?
1
What is the tens digit of 95?
9
What is the thousands digit of 14247?
4
What is the tens digit of 27063?
6
What is the tens digit of 5501?
0
What is the hundreds digit of 68788?
7
What is the units digit of 13446?
6
What is the thousands digit of 2311?
2
What is the thousands digit of 14260?
4
What is the tens digit of 618?
1
What is the hundreds digit of 831?
8
What is the ten thousands digit of 58535?
5
What is the hundreds digit of 1421?
4
What is the hundreds digit of 360?
3
What is the thousands digit of 33754?
3
What is the thousands digit of 103590?
3
What is the thousands digit of 24055?
4
What is the tens digit of 7860?
6
What is the units digit of 20830?
0
What is the hundreds digit of 3811?
8
What is the thousands digit of 20627?
0
What is the hundreds digit of 117407?
4
What is the hundreds digit of 6886?
8
What is the units digit of 2398?
8
What is the tens digit of 4699?
9
What is the hundreds digit of 950?
9
What is the tens digit of 996?
9
What is the thousands digit of 8711?
8
What is the units digit of 2871?
1
What is the thousands digit of 26921?
6
What is the units digit of 45436?
6
What is the tens digit of 138?
3
What is the tens digit of 19089?
8
What is the thousands digit of 2884?
2
What is the hundreds digit of 15766?
7
What is the thousands digit of 1157?
1
What is the units digit of 314?
4
What is the units digit of 1429?
9
What is the tens digit of 570?
7
What is the units digit of 1009?
9
What is the units digit of 12385?
5
What is the ten thousands digit of 32565?
3
What is the units digit of 1443?
3
What is the hundreds digit of 553?
5
What is the hundreds digit of 524?
5
What is the tens digit of 147?
4
What is the units digit of 15788?
8
What is the units digit of 814?
4
What is the units digit of 146418?
8
What is the thousands digit of 9216?
9
What is the units digit of 803?
3
What is the ten thousands digit of 28867?
2
What is the tens digit of 393?
9
What is the hu